 5*r**3/6 - 9*r**2/2 - 3*r. Let g(c) be the first derivative of h(c). List the prime factors of g(2).
5, 11
Suppose -12*x - 487951 + 113124 = -71*x. What are the prime factors of x?
6353
Suppose -2*m + 7 = 4*l - 13, -l = -4*m + 31. Suppose 2*w - 18 - m = 0. Suppose 5*h = w*h - 736. List the prime factors of h.
2, 23
Let i be (5/3*1)/((-15)/(-45)). Suppose i*p = 464 - 29. Suppose -48 = -3*l + p. What are the prime factors of l?
3, 5
Let y(v) = -v**2 - 2*v - 3. Let u(g) = g**2 + g + 2. Let s(w) = 4*u(w) + 3*y(w). List the prime factors of s(-13).
2, 97
Suppose 0 = 2*t - 37*q - 5314, 4*q - 5924 + 528 = -2*t. List the prime factors of t.
2, 3, 449
Let m(c) = 9 - 19 - 289*c + 36 + 23. List the prime factors of m(-2).
3, 11, 19
Suppose -38*b + 7*b + 4818 = -3366. What are the prime factors of b?
2, 3, 11
Let p = 6516 + 321. List the prime factors of p.
3, 43, 53
What are the prime factors of (-1)/3*(-23 + 24 - 28096/4)?
2341
Let i(u) = 12*u**2 + 249*u + 153. What are the prime factors of i(-70)?
3, 13841
List the prime factors of ((-72)/45*105/(-28))/((-3)/(-1862)).
2, 7, 19
Suppose t + 16*t = -51. List the prime factors of (1 - t) + (6 + -9609)/(-9).
3, 7, 17
Let x(j) = -j**3 - 7*j**2 - 3*j - 9. Let s(p) = p**3 + 9*p**2 + 2*p + 7. Let d be s(-4). Let u = d + -87. List the prime factors of x(u).
79
Let k(s) = 175*s + 2981. What are the prime factors of k(42)?
10331
Suppose 5*w + 2*t + t - 19 = 0, 3*t = -6. List the prime factors of 716*(-3)/15*w/(-2).
2, 179
Let z = 52970 - 30211. List the prime factors of z.
11, 2069
Let c = 44 + 199. Let m = c + -101. List the prime factors of m.
2, 71
Suppose -k + 11652 = -4*r, 3*k = r - 12225 + 47115. List the prime factors of k.
2, 3, 17, 19
Let j be 4/18 + (156/27 - 0). Let d be -14*(-1)/(-8)*-2*j. Suppose 123 = r + d. What are the prime factors of r?
2, 3, 17
Let y = 12060 - 12067. Let d(h) = -6*h - 1. Let i(n) = -3*n - 1. Let b(k) = 3*d(k) - 5*i(k). List the prime factors of b(y).
23
Let j(c) = -c**3 - 22*c**2 + 8*c + 61. Let z be j(-24). Suppose 4*s = 3043 + z. List the prime factors of s.
2, 127
Let l = 18949 + -8338. What are the prime factors of l?
3, 131
Let a(r) = 346*r + 4061. What are the prime factors of a(39)?
5, 3511
Let i be 8/(-10)*4/((-64)/40). Suppose 5 - 8 = -x, 124 = -i*r + 2*x. Let t = 121 - r. List the prime factors of t.
2, 3, 5
Suppose 0 = 5*m - 0*m - 5*y + 50, -y = -4*m - 37. What are the prime factors of (570/7)/(m/(-63))?
2, 3, 5, 19
Let z = -18088 + 36172. List the prime factors of z.
2, 3, 11, 137
Suppose -2*b = 12, -3*w - 116*b + 113*b + 8727 = 0. List the prime factors of w.
5, 11, 53
Suppose 2*r - 6 = 0, 11*u - 50940 = 7*u - 4*r. List the prime factors of u.
2, 3, 1061
Let x = 10292 - -26995. What are the prime factors of x?
3, 1381
Let v be 9/(-15) + 2 + (-352)/(-20). Suppose 0 = 13*f - v*f + 1560. Let o = f - 162. List the prime factors of o.
2, 7
Let g be (-10)/(-4) + (-187)/374. Suppose 0 = k - 3 - 2. Suppose g*a = k*a - 213. What are the prime factors of a?
71
Suppose -6*k + 6 = -24. List the prime factors of ((-124272)/(-40))/6 - (-1)/k.
2, 7, 37
Let s be (-3*(-32)/(-60) - -2)*10. Suppose -s*l - 204 = -6*l. Let o = l + -57. List the prime factors of o.
3, 5
Let a(l) = -3*l**2 + 91*l + 1. Let u be a(30). Suppose -u*g = -28*g - 3555. What are the prime factors of g?
3, 5, 79
Suppose -109*n + 342280 = -66*n. List the prime factors of n.
2, 5, 199
Suppose -35 = -3*k - 317. Let r = k + 192. List the prime factors of 6/(2 - 5) + -7 + r.
89
Suppose 3*z - l + 8 = -12, 0 = -z - l - 12. Let r be 24/96 - 1198/z. List the prime factors of 25/r - (-934)/12.
2, 3, 13
Let j(m) = m**3 - 5*m**2 - 18*m + 26. Let i be j(9). Let w = i - -308. Suppose -2*n + w = 5*f, 2*f - 5*f + 1221 = 5*n. What are the prime factors of n?
3
Let i be (530/(-11))/(-10) - 4/(-22). Suppose i*h - 8*r = -12*r + 465, h - 93 = -2*r. What are the prime factors of h?
3, 31
Let y be (-4 - 0) + 17 + 10. Let n(r) = -15*r**2 - 18 - 7*r**2 + 0*r - r + y*r**2. What are the prime factors of n(6)?
2, 3
Suppose -465 = t + 3*t + 3*b, -2*t = 2*b + 230. Let u be (-3 - 7/(-7)) + t + 0. Let n = u - -217. List the prime factors of n.
5, 19
Suppose -38*p + 689280 = 16*p - 14*p. List the prime factors of p.
2, 3, 359
Suppose 0 = -411*h + 10109389 + 1902908. What are the prime factors of h?
11, 2657
Let b(o) = 928*o - 1653. List the prime factors of b(26).
5, 29, 31
Let u be (-10)/(-2) + -9 - -12. Suppose 1996 = u*b - 420. List the prime factors of b.
2, 151
Let z be 6/21 - 122/(-14). Let c(i) = -44 + 13*i - z*i + 2*i**2 - 8*i - i**3 + 12*i**2. List the prime factors of c(13).
73
Suppose 358 - 1653 = -5*c. Let t = -18 + c. What are the prime factors of t?
241
Let p(x) = -206*x - 37. Let c be p(-9). Suppose -4*w + 3*k + 2817 = 0, -2*k - c = -4*w + 997. What are the prime factors of w?
2, 3, 13
Suppose 3*n = 3*t + 6, -2*n - 15*t + 12*t + 14 = 0. Suppose 5*l - 864 = 5*s - n*s, 3*l - 515 = 4*s. What are the prime factors of l?
173
Let l(z) = 6*z**2 + 8*z + 3. Suppose -2*u - 2 = -4, -4*s = -4*u - 116. Suppose 5*j - s = 5*h, 4*h - j + 18 = -0*j. List the prime factors of l(h).
67
Let w(s) = -4*s - 18. Let r be w(-9). Let i be 470/(-9) - (-4)/r. List the prime factors of i/(-3)*-1*3/(-2).
2, 13
List the prime factors of 8/(-14) - 50277240/(-2730).
2, 1151
Let h(p) = 209*p + 27. Let c = 98 - 96. List the prime factors of h(c).
5, 89
Suppose -10*i + 3106 = -5304. Suppose 450 + 80 = -k. Let a = i + k. List the prime factors of a.
311
Let s = 441 + -251. Suppose 2*t = -i + 6*t + 194, 0 = -i + 2*t + s. What are the prime factors of i?
2, 3, 31
Suppose 4*k = a - 15, 2 = 3*a + 4*k + 5. Suppose -3*d = d + a*p - 2532, d - 4*p = 652. What are the prime factors of d?
2, 3, 53
Let w(m) = 7*m**2 + 15*m - 66. Let q(y) = 11*y**2 + 23*y - 99. Let o(f) = -5*q(f) + 8*w(f). What are the prime factors of o(17)?
11, 31
Suppose -13*w + 3513 = -2818. Let n = -282 + w. List the prime factors of n.
5, 41
Let g(u) = -307*u - 2544. What are the prime factors of g(-71)?
13, 1481
Suppose -5*l + 4*q + 33066 = 2*q, -2 = -q. What are the prime factors of l?
2, 3307
Let o(f) = -9*f - 17. Let j be o(-3). Suppose v - 7 = -4*y, 5*y + j = 2*v + 35. Suppose -y*x - 275 = -818. What are the prime factors of x?
181
Let r(c) be the second derivative of -c**5/20 + 5*c**4/6 + 5*c**3/2 - 5*c**2/2 + 28*c. List the prime factors of r(8).
3
List the prime factors of 16608 + (268 + 4)/(-16).
47, 353
Let m(a) = 2*a**3 + 123 - 12*a**2 + 6*a - 70 - 59. What are the prime factors of m(9)?
2, 3, 89
Let g be (120/25)/((-6)/200). Let d = g + 332. List the prime factors of d.
2, 43
Suppose 0 = 74*g - 60*g - 28. Suppose -g*r - 12 = -6*r, -r - 1493 = -2*u. List the prime factors of u.
2, 11, 17
Suppose -3*i + 1831 = -w, -3*i - 4 + 16 = 0. Let d = w + 3329. List the prime factors of d.
2, 5, 151
Let a(h) = -21*h - 19. Let w be a(7). Let c = 21 - w. What are the prime factors of c?
11, 17
Let o = -26637 - -48529. List the prime factors of o.
2, 13, 421
Suppose 4*n + 18 = 2*n + 4*i, 3*i - 14 = n. Let c = -120 - -122. List the prime factors of 23/1*-1*(n - c).
23
Let q = -871 + 3029. Suppose -2*j + d + 1073 = 0, -10*j + 6*j - 2*d = -q. List the prime factors of j.
2, 269
Suppose -465 = -2*f + 2*r + 7339, r = -f + 3900. What are the prime factors of f?
47, 83
Suppose 0 = -2*l - 4*w + 108876, 1856*l = 1857*l - 4*w - 54432. What are the prime factors of l?
2, 31, 439
Let r = 81 + 314. Suppose -3*w + 588 = y, 5*w - 1361 + r = 3*y. What are the prime factors of w?
3, 5, 13
Suppose -8 = 2*p - 2*l - 0, 0 = -3*l - 3. Let m(o) = -4 - 5 - 3 + 5*o**2 - o - 8*o. What are the prime factors of m(p)?
2, 79
Let s(n) = -n + 18. Let l be -4 + 8 - (48 + 0). Let i = l + 26. What are the prime factors of s(i)?
2, 3
Let t be -4 + -2 - (-131 - -10). Suppose -3*l + 1857 = 3*m, 5*m - 488 = -l + t. List the prime factors of l.
7, 89
Let u(c) be the second derivative of c**3/6 - 5*c**2 + 16*c. Let t be u(20). Let i(d) = 3*d**2 - 23*d + 14. What are the prime factors of i(t)?
2, 3, 7
Let p = -1 - 5. Suppose -26*o + 82467 = -43*o. List the prime factors of o/(-28) - p/8.
2, 3, 29
Let w = 21180 + -18718. What are the prime factors of w?
2, 1231
Suppose 5*a - 5 = 5*h, 3*a + 0*a = -2*h + 13. Suppose 2*s - 7*j - 2096 = 0, 7*s + h*j =